194.38.20.161 - - [27/Dec/2022:16:08:19 -0800] "GET /admin/fileupload/server/php/index.php?file=tf2rghf.jpg HTTP/1.1" 404 73 "-" "ALittle Client" "transasiacorp.com"
81.0.219.240 - - [27/Dec/2022:16:28:30 -0800] "HEAD /wordpress HTTP/1.1" 404 - "-" "Mozilla/5.0 (Windows NT 10.0; Win64; x64) AppleWebKit/537.36 (KHTML, like Gecko) Chrome/74.0.3729.169 Safari/537.36" "transasiacorp.com"
81.0.219.240 - - [27/Dec/2022:16:28:30 -0800] "HEAD / HTTP/1.1" 200 - "-" "Mozilla/5.0 (Windows NT 10.0; Win64; x64) AppleWebKit/537.36 (KHTML, like Gecko) Chrome/74.0.3729.169 Safari/537.36" "transasiacorp.com"
81.0.219.240 - - [27/Dec/2022:16:28:31 -0800] "HEAD /wp HTTP/1.1" 404 - "-" "Mozilla/5.0 (Windows NT 10.0; Win64; x64) AppleWebKit/537.36 (KHTML, like Gecko) Chrome/74.0.3729.169 Safari/537.36" "transasiacorp.com"
81.0.219.240 - - [27/Dec/2022:16:28:31 -0800] "HEAD /bc HTTP/1.1" 404 - "-" "Mozilla/5.0 (Windows NT 10.0; Win64; x64) AppleWebKit/537.36 (KHTML, like Gecko) Chrome/74.0.3729.169 Safari/537.36" "transasiacorp.com"
81.0.219.240 - - [27/Dec/2022:16:28:31 -0800] "HEAD /bk HTTP/1.1" 404 - "-" "Mozilla/5.0 (Windows NT 10.0; Win64; x64) AppleWebKit/537.36 (KHTML, like Gecko) Chrome/74.0.3729.169 Safari/537.36" "transasiacorp.com"
81.0.219.240 - - [27/Dec/2022:16:28:31 -0800] "HEAD /backup HTTP/1.1" 404 - "-" "Mozilla/5.0 (Windows NT 10.0; Win64; x64) AppleWebKit/537.36 (KHTML, like Gecko) Chrome/74.0.3729.169 Safari/537.36" "transasiacorp.com"
81.0.219.240 - - [27/Dec/2022:16:28:32 -0800] "HEAD /old HTTP/1.1" 404 - "-" "Mozilla/5.0 (Windows NT 10.0; Win64; x64) AppleWebKit/537.36 (KHTML, like Gecko) Chrome/74.0.3729.169 Safari/537.36" "transasiacorp.com"
81.0.219.240 - - [27/Dec/2022:16:28:32 -0800] "HEAD /new HTTP/1.1" 404 - "-" "Mozilla/5.0 (Windows NT 10.0; Win64; x64) AppleWebKit/537.36 (KHTML, like Gecko) Chrome/74.0.3729.169 Safari/537.36" "transasiacorp.com"
81.0.219.240 - - [27/Dec/2022:16:28:32 -0800] "HEAD /main HTTP/1.1" 404 - "-" "Mozilla/5.0 (Windows NT 10.0; Win64; x64) AppleWebKit/537.36 (KHTML, like Gecko) Chrome/74.0.3729.169 Safari/537.36" "transasiacorp.com"
81.0.219.240 - - [27/Dec/2022:16:28:32 -0800] "HEAD /home HTTP/1.1" 404 - "-" "Mozilla/5.0 (Windows NT 10.0; Win64; x64) AppleWebKit/537.36 (KHTML, like Gecko) Chrome/74.0.3729.169 Safari/537.36" "transasiacorp.com"
153.218.142.40 - - [27/Dec/2022:22:00:11 -0800] "GET /wp-login.php HTTP/1.1" 404 88 "http://transasiacorp.com/wp-login.php" "Mozilla/5.0 (Windows NT 10.0; Win64; x64) AppleWebKit/537.36 (KHTML, like Gecko) Chrome/86.0.4240.198 Safari/8B17E6" "transasiacorp.com"
121.147.89.178 - - [27/Dec/2022:22:00:11 -0800] "GET /wp-login.php HTTP/1.1" 404 88 "http://transasiacorp.com/wp-login.php" "Mozilla/5.0 (Windows NT 10.0; Win64; x64) AppleWebKit/537.36 (KHTML, like Gecko) Chrome/86.0.4240.198 Safari/FAA637" "transasiacorp.com"
131.147.88.79 - - [27/Dec/2022:22:00:11 -0800] "GET /wp-login.php HTTP/1.1" 404 88 "http://transasiacorp.com/wp-login.php" "Mozilla/5.0 (Windows NT 10.0; Win64; x64) AppleWebKit/537.36 (KHTML, like Gecko) Chrome/86.0.4240.198 Safari/9AFE60" "transasiacorp.com"
218.235.247.147 - - [27/Dec/2022:22:00:11 -0800] "GET /wp-login.php HTTP/1.1" 404 88 "http://transasiacorp.com/wp-login.php" "Mozilla/5.0 (Windows NT 10.0; Win64; x64) AppleWebKit/537.36 (KHTML, like Gecko) Chrome/86.0.4240.198 Safari/1A4053" "transasiacorp.com"
218.150.138.22 - - [27/Dec/2022:22:00:11 -0800] "GET /wp-login.php HTTP/1.1" 404 88 "http://transasiacorp.com/wp-login.php" "Mozilla/5.0 (Windows NT 10.0; Win64; x64) AppleWebKit/537.36 (KHTML, like Gecko) Chrome/86.0.4240.198 Safari/0116AF" "transasiacorp.com"
220.211.40.70 - - [27/Dec/2022:22:00:11 -0800] "GET /wp-login.php HTTP/1.1" 404 88 "http://transasiacorp.com/wp-login.php" "Mozilla/5.0 (Windows NT 10.0; Win64; x64) AppleWebKit/537.36 (KHTML, like Gecko) Chrome/86.0.4240.198 Safari/FCCA5D" "transasiacorp.com"
183.107.4.119 - - [27/Dec/2022:22:00:11 -0800] "GET /wp-login.php HTTP/1.1" 404 88 "http://transasiacorp.com/wp-login.php" "Mozilla/5.0 (Windows NT 10.0; Win64; x64) AppleWebKit/537.36 (KHTML, like Gecko) Chrome/86.0.4240.198 Safari/5603F9" "transasiacorp.com"
220.93.226.23 - - [27/Dec/2022:22:00:11 -0800] "GET /wp-login.php HTTP/1.1" 404 88 "http://transasiacorp.com/wp-login.php" "Mozilla/5.0 (Windows NT 10.0; Win64; x64) AppleWebKit/537.36 (KHTML, like Gecko) Chrome/86.0.4240.198 Safari/B4E8F9" "transasiacorp.com"
98.47.242.9 - - [27/Dec/2022:22:00:11 -0800] "GET /wp-login.php HTTP/1.1" 404 88 "http://transasiacorp.com/wp-login.php" "Mozilla/5.0 (Windows NT 10.0; Win64; x64) AppleWebKit/537.36 (KHTML, like Gecko) Chrome/86.0.4240.198 Safari/4740BA" "transasiacorp.com"
110.135.184.8 - - [27/Dec/2022:22:00:11 -0800] "GET /wp-login.php HTTP/1.1" 404 88 "http://transasiacorp.com/wp-login.php" "Mozilla/5.0 (Windows NT 10.0; Win64; x64) AppleWebKit/537.36 (KHTML, like Gecko) Chrome/86.0.4240.198 Safari/49F387" "transasiacorp.com"
73.179.81.66 - - [27/Dec/2022:22:00:11 -0800] "GET /wp-login.php HTTP/1.1" 404 88 "http://transasiacorp.com/wp-login.php" "Mozilla/5.0 (Windows NT 10.0; Win64; x64) AppleWebKit/537.36 (KHTML, like Gecko) Chrome/86.0.4240.198 Safari/310E25" "transasiacorp.com"
160.86.195.124 - - [27/Dec/2022:22:00:11 -0800] "GET /wp-login.php HTTP/1.1" 404 88 "http://transasiacorp.com/wp-login.php" "Mozilla/5.0 (Windows NT 10.0; Win64; x64) AppleWebKit/537.36 (KHTML, like Gecko) Chrome/86.0.4240.198 Safari/CCC804" "transasiacorp.com"
61.84.79.126 - - [27/Dec/2022:22:00:11 -0800] "GET /wp-login.php HTTP/1.1" 404 88 "http://transasiacorp.com/wp-login.php" "Mozilla/5.0 (Windows NT 10.0; Win64; x64) AppleWebKit/537.36 (KHTML, like Gecko) Chrome/86.0.4240.198 Safari/3D7D90" "transasiacorp.com"
89.106.137.134 - - [27/Dec/2022:22:00:11 -0800] "GET /wp-login.php HTTP/1.1" 404 88 "http://transasiacorp.com/wp-login.php" "Mozilla/5.0 (Windows NT 10.0; Win64; x64) AppleWebKit/537.36 (KHTML, like Gecko) Chrome/86.0.4240.198 Safari/537.36" "transasiacorp.com"
219.100.37.233 - - [27/Dec/2022:22:00:11 -0800] "GET /wp-login.php HTTP/1.1" 404 88 "http://transasiacorp.com/wp-login.php" "Mozilla/5.0 (Windows NT 10.0; Win64; x64) AppleWebKit/537.36 (KHTML, like Gecko) Chrome/86.0.4240.198 Safari/F7DF54" "transasiacorp.com"
218.145.184.150 - - [27/Dec/2022:22:00:11 -0800] "GET /wp-login.php HTTP/1.1" 404 88 "http://transasiacorp.com/wp-login.php" "Mozilla/5.0 (Windows NT 10.0; Win64; x64) AppleWebKit/537.36 (KHTML, like Gecko) Chrome/86.0.4240.198 Safari/31F739" "transasiacorp.com"
157.65.80.202 - - [27/Dec/2022:22:00:11 -0800] "GET /wp-login.php HTTP/1.1" 404 88 "http://transasiacorp.com/wp-login.php" "Mozilla/5.0 (Windows NT 10.0; Win64; x64) AppleWebKit/537.36 (KHTML, like Gecko) Chrome/86.0.4240.198 Safari/03EA2B" "transasiacorp.com"
219.100.37.238 - - [27/Dec/2022:22:00:11 -0800] "GET /wp-login.php HTTP/1.1" 404 88 "http://transasiacorp.com/wp-login.php" "Mozilla/5.0 (Windows NT 10.0; Win64; x64) AppleWebKit/537.36 (KHTML, like Gecko) Chrome/86.0.4240.198 Safari/B7BF7D" "transasiacorp.com"
185.43.18.137 - - [27/Dec/2022:22:00:11 -0800] "GET /wp-login.php HTTP/1.1" 404 88 "http://transasiacorp.com/wp-login.php" "Mozilla/5.0 (Windows NT 10.0; Win64; x64) AppleWebKit/537.36 (KHTML, like Gecko) Chrome/86.0.4240.198 Safari/537.36" "transasiacorp.com"
185.18.133.118 - - [27/Dec/2022:22:00:12 -0800] "GET /wp-login.php HTTP/1.1" 404 88 "http://transasiacorp.com/wp-login.php" "Mozilla/5.0 (Windows NT 10.0; Win64; x64) AppleWebKit/537.36 (KHTML, like Gecko) Chrome/86.0.4240.198 Safari/537.36" "transasiacorp.com"
177.234.199.130 - - [27/Dec/2022:22:00:12 -0800] "GET /wp-login.php HTTP/1.1" 404 88 "http://transasiacorp.com/wp-login.php" "Mozilla/5.0 (Windows NT 10.0; Win64; x64) AppleWebKit/537.36 (KHTML, like Gecko) Chrome/86.0.4240.198 Safari/537.36" "transasiacorp.com"
115.95.124.107 - - [27/Dec/2022:22:00:12 -0800] "GET /wp-login.php HTTP/1.1" 404 88 "http://transasiacorp.com/wp-login.php" "Mozilla/5.0 (Windows NT 10.0; Win64; x64) AppleWebKit/537.36 (KHTML, like Gecko) Chrome/86.0.4240.198 Safari/F3F6A1" "transasiacorp.com"
45.176.184.133 - - [27/Dec/2022:22:00:13 -0800] "GET /wp-login.php HTTP/1.1" 404 88 "http://transasiacorp.com/wp-login.php" "Mozilla/5.0 (Windows NT 10.0; Win64; x64) AppleWebKit/537.36 (KHTML, like Gecko) Chrome/86.0.4240.198 Safari/537.36" "transasiacorp.com"
113.197.221.113 - - [27/Dec/2022:22:00:13 -0800] "GET /wp-login.php HTTP/1.1" 404 88 "http://transasiacorp.com/wp-login.php" "Mozilla/5.0 (Windows NT 10.0; Win64; x64) AppleWebKit/537.36 (KHTML, like Gecko) Chrome/86.0.4240.198 Safari/B386F0" "transasiacorp.com"
153.218.142.40 - - [27/Dec/2022:22:00:16 -0800] "GET /admin/ HTTP/1.1" 404 88 "http://transasiacorp.com/admin/" "Mozilla/5.0 (Windows NT 10.0; Win64; x64) AppleWebKit/537.36 (KHTML, like Gecko) Chrome/86.0.4240.198 Safari/8B17E6" "transasiacorp.com"
89.106.137.134 - - [27/Dec/2022:22:00:16 -0800] "GET /admin/ HTTP/1.1" 404 88 "http://transasiacorp.com/admin/" "Mozilla/5.0 (Windows NT 10.0; Win64; x64) AppleWebKit/537.36 (KHTML, like Gecko) Chrome/86.0.4240.198 Safari/537.36" "transasiacorp.com"
220.211.40.70 - - [27/Dec/2022:22:00:16 -0800] "GET /admin/ HTTP/1.1" 404 88 "http://transasiacorp.com/admin/" "Mozilla/5.0 (Windows NT 10.0; Win64; x64) AppleWebKit/537.36 (KHTML, like Gecko) Chrome/86.0.4240.198 Safari/FCCA5D" "transasiacorp.com"
98.47.242.9 - - [27/Dec/2022:22:00:16 -0800] "GET /admin/ HTTP/1.1" 404 88 "http://transasiacorp.com/admin/" "Mozilla/5.0 (Windows NT 10.0; Win64; x64) AppleWebKit/537.36 (KHTML, like Gecko) Chrome/86.0.4240.198 Safari/4740BA" "transasiacorp.com"
218.150.138.22 - - [27/Dec/2022:22:00:16 -0800] "GET /admin/ HTTP/1.1" 404 88 "http://transasiacorp.com/admin/" "Mozilla/5.0 (Windows NT 10.0; Win64; x64) AppleWebKit/537.36 (KHTML, like Gecko) Chrome/86.0.4240.198 Safari/0116AF" "transasiacorp.com"
183.107.4.119 - - [27/Dec/2022:22:00:16 -0800] "GET /admin/ HTTP/1.1" 404 88 "http://transasiacorp.com/admin/" "Mozilla/5.0 (Windows NT 10.0; Win64; x64) AppleWebKit/537.36 (KHTML, like Gecko) Chrome/86.0.4240.198 Safari/5603F9" "transasiacorp.com"
218.235.247.147 - - [27/Dec/2022:22:00:16 -0800] "GET /admin/ HTTP/1.1" 404 88 "http://transasiacorp.com/admin/" "Mozilla/5.0 (Windows NT 10.0; Win64; x64) AppleWebKit/537.36 (KHTML, like Gecko) Chrome/86.0.4240.198 Safari/1A4053" "transasiacorp.com"
220.93.226.23 - - [27/Dec/2022:22:00:16 -0800] "GET /admin/ HTTP/1.1" 404 88 "http://transasiacorp.com/admin/" "Mozilla/5.0 (Windows NT 10.0; Win64; x64) AppleWebKit/537.36 (KHTML, like Gecko) Chrome/86.0.4240.198 Safari/B4E8F9" "transasiacorp.com"
121.147.89.178 - - [27/Dec/2022:22:00:16 -0800] "GET /admin/ HTTP/1.1" 404 88 "http://transasiacorp.com/admin/" "Mozilla/5.0 (Windows NT 10.0; Win64; x64) AppleWebKit/537.36 (KHTML, like Gecko) Chrome/86.0.4240.198 Safari/FAA637" "transasiacorp.com"
219.100.37.233 - - [27/Dec/2022:22:00:16 -0800] "GET /admin/ HTTP/1.1" 404 88 "http://transasiacorp.com/admin/" "Mozilla/5.0 (Windows NT 10.0; Win64; x64) AppleWebKit/537.36 (KHTML, like Gecko) Chrome/86.0.4240.198 Safari/F7DF54" "transasiacorp.com"
160.86.195.124 - - [27/Dec/2022:22:00:16 -0800] "GET /admin/ HTTP/1.1" 404 88 "http://transasiacorp.com/admin/" "Mozilla/5.0 (Windows NT 10.0; Win64; x64) AppleWebKit/537.36 (KHTML, like Gecko) Chrome/86.0.4240.198 Safari/CCC804" "transasiacorp.com"
115.95.124.107 - - [27/Dec/2022:22:00:16 -0800] "GET /admin/ HTTP/1.1" 404 88 "http://transasiacorp.com/admin/" "Mozilla/5.0 (Windows NT 10.0; Win64; x64) AppleWebKit/537.36 (KHTML, like Gecko) Chrome/86.0.4240.198 Safari/F3F6A1" "transasiacorp.com"
157.65.80.202 - - [27/Dec/2022:22:00:16 -0800] "GET /admin/ HTTP/1.1" 404 88 "http://transasiacorp.com/admin/" "Mozilla/5.0 (Windows NT 10.0; Win64; x64) AppleWebKit/537.36 (KHTML, like Gecko) Chrome/86.0.4240.198 Safari/03EA2B" "transasiacorp.com"
219.100.37.238 - - [27/Dec/2022:22:00:16 -0800] "GET /admin/ HTTP/1.1" 404 88 "http://transasiacorp.com/admin/" "Mozilla/5.0 (Windows NT 10.0; Win64; x64) AppleWebKit/537.36 (KHTML, like Gecko) Chrome/86.0.4240.198 Safari/B7BF7D" "transasiacorp.com"
73.179.81.66 - - [27/Dec/2022:22:00:17 -0800] "GET /admin/ HTTP/1.1" 404 88 "http://transasiacorp.com/admin/" "Mozilla/5.0 (Windows NT 10.0; Win64; x64) AppleWebKit/537.36 (KHTML, like Gecko) Chrome/86.0.4240.198 Safari/310E25" "transasiacorp.com"
218.145.184.150 - - [27/Dec/2022:22:00:17 -0800] "GET /admin/ HTTP/1.1" 404 88 "http://transasiacorp.com/admin/" "Mozilla/5.0 (Windows NT 10.0; Win64; x64) AppleWebKit/537.36 (KHTML, like Gecko) Chrome/86.0.4240.198 Safari/31F739" "transasiacorp.com"
185.18.133.118 - - [27/Dec/2022:22:00:17 -0800] "GET /admin/ HTTP/1.1" 404 88 "http://transasiacorp.com/admin/" "Mozilla/5.0 (Windows NT 10.0; Win64; x64) AppleWebKit/537.36 (KHTML, like Gecko) Chrome/86.0.4240.198 Safari/537.36" "transasiacorp.com"
185.43.18.137 - - [27/Dec/2022:22:00:17 -0800] "GET /admin/ HTTP/1.1" 404 88 "http://transasiacorp.com/admin/" "Mozilla/5.0 (Windows NT 10.0; Win64; x64) AppleWebKit/537.36 (KHTML, like Gecko) Chrome/86.0.4240.198 Safari/537.36" "transasiacorp.com"
177.234.199.130 - - [27/Dec/2022:22:00:17 -0800] "GET /admin/ HTTP/1.1" 404 88 "http://transasiacorp.com/admin/" "Mozilla/5.0 (Windows NT 10.0; Win64; x64) AppleWebKit/537.36 (KHTML, like Gecko) Chrome/86.0.4240.198 Safari/537.36" "transasiacorp.com"
45.176.184.133 - - [27/Dec/2022:22:00:18 -0800] "GET /admin/ HTTP/1.1" 404 88 "http://transasiacorp.com/admin/" "Mozilla/5.0 (Windows NT 10.0; Win64; x64) AppleWebKit/537.36 (KHTML, like Gecko) Chrome/86.0.4240.198 Safari/537.36" "transasiacorp.com"
110.135.184.8 - - [27/Dec/2022:22:00:21 -0800] "GET /admin/ HTTP/1.1" 404 88 "http://transasiacorp.com/admin/" "Mozilla/5.0 (Windows NT 10.0; Win64; x64) AppleWebKit/537.36 (KHTML, like Gecko) Chrome/86.0.4240.198 Safari/49F387" "transasiacorp.com"
153.218.142.40 - - [27/Dec/2022:22:00:22 -0800] "GET /downloader/ HTTP/1.1" 404 88 "http://transasiacorp.com/downloader/" "Mozilla/5.0 (Windows NT 10.0; Win64; x64) AppleWebKit/537.36 (KHTML, like Gecko) Chrome/86.0.4240.198 Safari/8B17E6" "transasiacorp.com"
89.106.137.134 - - [27/Dec/2022:22:00:22 -0800] "GET /downloader/ HTTP/1.1" 404 88 "http://transasiacorp.com/downloader/" "Mozilla/5.0 (Windows NT 10.0; Win64; x64) AppleWebKit/537.36 (KHTML, like Gecko) Chrome/86.0.4240.198 Safari/537.36" "transasiacorp.com"
121.147.89.178 - - [27/Dec/2022:22:00:22 -0800] "GET /downloader/ HTTP/1.1" 404 88 "http://transasiacorp.com/downloader/" "Mozilla/5.0 (Windows NT 10.0; Win64; x64) AppleWebKit/537.36 (KHTML, like Gecko) Chrome/86.0.4240.198 Safari/FAA637" "transasiacorp.com"
183.107.4.119 - - [27/Dec/2022:22:00:22 -0800] "GET /downloader/ HTTP/1.1" 404 88 "http://transasiacorp.com/downloader/" "Mozilla/5.0 (Windows NT 10.0; Win64; x64) AppleWebKit/537.36 (KHTML, like Gecko) Chrome/86.0.4240.198 Safari/5603F9" "transasiacorp.com"
220.93.226.23 - - [27/Dec/2022:22:00:22 -0800] "GET /downloader/ HTTP/1.1" 404 88 "http://transasiacorp.com/downloader/" "Mozilla/5.0 (Windows NT 10.0; Win64; x64) AppleWebKit/537.36 (KHTML, like Gecko) Chrome/86.0.4240.198 Safari/B4E8F9" "transasiacorp.com"
185.18.133.118 - - [27/Dec/2022:22:00:22 -0800] "GET /downloader/ HTTP/1.1" 404 88 "http://transasiacorp.com/downloader/" "Mozilla/5.0 (Windows NT 10.0; Win64; x64) AppleWebKit/537.36 (KHTML, like Gecko) Chrome/86.0.4240.198 Safari/537.36" "transasiacorp.com"
219.100.37.233 - - [27/Dec/2022:22:00:22 -0800] "GET /downloader/ HTTP/1.1" 404 88 "http://transasiacorp.com/downloader/" "Mozilla/5.0 (Windows NT 10.0; Win64; x64) AppleWebKit/537.36 (KHTML, like Gecko) Chrome/86.0.4240.198 Safari/F7DF54" "transasiacorp.com"
115.95.124.107 - - [27/Dec/2022:22:00:22 -0800] "GET /downloader/ HTTP/1.1" 404 88 "http://transasiacorp.com/downloader/" "Mozilla/5.0 (Windows NT 10.0; Win64; x64) AppleWebKit/537.36 (KHTML, like Gecko) Chrome/86.0.4240.198 Safari/F3F6A1" "transasiacorp.com"
218.150.138.22 - - [27/Dec/2022:22:00:22 -0800] "GET /downloader/ HTTP/1.1" 404 88 "http://transasiacorp.com/downloader/" "Mozilla/5.0 (Windows NT 10.0; Win64; x64) AppleWebKit/537.36 (KHTML, like Gecko) Chrome/86.0.4240.198 Safari/0116AF" "transasiacorp.com"
219.100.37.238 - - [27/Dec/2022:22:00:22 -0800] "GET /downloader/ HTTP/1.1" 404 88 "http://transasiacorp.com/downloader/" "Mozilla/5.0 (Windows NT 10.0; Win64; x64) AppleWebKit/537.36 (KHTML, like Gecko) Chrome/86.0.4240.198 Safari/B7BF7D" "transasiacorp.com"
160.86.195.124 - - [27/Dec/2022:22:00:22 -0800] "GET /downloader/ HTTP/1.1" 404 88 "http://transasiacorp.com/downloader/" "Mozilla/5.0 (Windows NT 10.0; Win64; x64) AppleWebKit/537.36 (KHTML, like Gecko) Chrome/86.0.4240.198 Safari/CCC804" "transasiacorp.com"
220.211.40.70 - - [27/Dec/2022:22:00:22 -0800] "GET /downloader/ HTTP/1.1" 404 88 "http://transasiacorp.com/downloader/" "Mozilla/5.0 (Windows NT 10.0; Win64; x64) AppleWebKit/537.36 (KHTML, like Gecko) Chrome/86.0.4240.198 Safari/FCCA5D" "transasiacorp.com"
73.179.81.66 - - [27/Dec/2022:22:00:22 -0800] "GET /downloader/ HTTP/1.1" 404 88 "http://transasiacorp.com/downloader/" "Mozilla/5.0 (Windows NT 10.0; Win64; x64) AppleWebKit/537.36 (KHTML, like Gecko) Chrome/86.0.4240.198 Safari/310E25" "transasiacorp.com"
185.43.18.137 - - [27/Dec/2022:22:00:22 -0800] "GET /downloader/ HTTP/1.1" 404 88 "http://transasiacorp.com/downloader/" "Mozilla/5.0 (Windows NT 10.0; Win64; x64) AppleWebKit/537.36 (KHTML, like Gecko) Chrome/86.0.4240.198 Safari/537.36" "transasiacorp.com"
218.235.247.147 - - [27/Dec/2022:22:00:22 -0800] "GET /downloader/ HTTP/1.1" 404 88 "http://transasiacorp.com/downloader/" "Mozilla/5.0 (Windows NT 10.0; Win64; x64) AppleWebKit/537.36 (KHTML, like Gecko) Chrome/86.0.4240.198 Safari/1A4053" "transasiacorp.com"
218.145.184.150 - - [27/Dec/2022:22:00:22 -0800] "GET /downloader/ HTTP/1.1" 404 88 "http://transasiacorp.com/downloader/" "Mozilla/5.0 (Windows NT 10.0; Win64; x64) AppleWebKit/537.36 (KHTML, like Gecko) Chrome/86.0.4240.198 Safari/31F739" "transasiacorp.com"
177.234.199.130 - - [27/Dec/2022:22:00:23 -0800] "GET /downloader/ HTTP/1.1" 404 88 "http://transasiacorp.com/downloader/" "Mozilla/5.0 (Windows NT 10.0; Win64; x64) AppleWebKit/537.36 (KHTML, like Gecko) Chrome/86.0.4240.198 Safari/537.36" "transasiacorp.com"
45.176.184.133 - - [27/Dec/2022:22:00:23 -0800] "GET /downloader/ HTTP/1.1" 404 88 "http://transasiacorp.com/downloader/" "Mozilla/5.0 (Windows NT 10.0; Win64; x64) AppleWebKit/537.36 (KHTML, like Gecko) Chrome/86.0.4240.198 Safari/537.36" "transasiacorp.com"
185.43.18.137 - - [27/Dec/2022:22:00:27 -0800] "GET /admin.php HTTP/1.1" 404 88 "http://transasiacorp.com/admin.php" "Mozilla/5.0 (Windows NT 10.0; Win64; x64) AppleWebKit/537.36 (KHTML, like Gecko) Chrome/86.0.4240.198 Safari/537.36" "transasiacorp.com"
153.218.142.40 - - [27/Dec/2022:22:00:27 -0800] "GET /admin.php HTTP/1.1" 404 88 "http://transasiacorp.com/admin.php" "Mozilla/5.0 (Windows NT 10.0; Win64; x64) AppleWebKit/537.36 (KHTML, like Gecko) Chrome/86.0.4240.198 Safari/8B17E6" "transasiacorp.com"
121.147.89.178 - - [27/Dec/2022:22:00:27 -0800] "GET /admin.php HTTP/1.1" 404 88 "http://transasiacorp.com/admin.php" "Mozilla/5.0 (Windows NT 10.0; Win64; x64) AppleWebKit/537.36 (KHTML, like Gecko) Chrome/86.0.4240.198 Safari/FAA637" "transasiacorp.com"
220.93.226.23 - - [27/Dec/2022:22:00:27 -0800] "GET /admin.php HTTP/1.1" 404 88 "http://transasiacorp.com/admin.php" "Mozilla/5.0 (Windows NT 10.0; Win64; x64) AppleWebKit/537.36 (KHTML, like Gecko) Chrome/86.0.4240.198 Safari/B4E8F9" "transasiacorp.com"
219.100.37.233 - - [27/Dec/2022:22:00:27 -0800] "GET /admin.php HTTP/1.1" 404 88 "http://transasiacorp.com/admin.php" "Mozilla/5.0 (Windows NT 10.0; Win64; x64) AppleWebKit/537.36 (KHTML, like Gecko) Chrome/86.0.4240.198 Safari/F7DF54" "transasiacorp.com"
218.235.247.147 - - [27/Dec/2022:22:00:27 -0800] "GET /admin.php HTTP/1.1" 404 88 "http://transasiacorp.com/admin.php" "Mozilla/5.0 (Windows NT 10.0; Win64; x64) AppleWebKit/537.36 (KHTML, like Gecko) Chrome/86.0.4240.198 Safari/1A4053" "transasiacorp.com"
218.150.138.22 - - [27/Dec/2022:22:00:27 -0800] "GET /admin.php HTTP/1.1" 404 88 "http://transasiacorp.com/admin.php" "Mozilla/5.0 (Windows NT 10.0; Win64; x64) AppleWebKit/537.36 (KHTML, like Gecko) Chrome/86.0.4240.198 Safari/0116AF" "transasiacorp.com"
110.135.184.8 - - [27/Dec/2022:22:00:27 -0800] "GET /downloader/ HTTP/1.1" 404 88 "http://transasiacorp.com/downloader/" "Mozilla/5.0 (Windows NT 10.0; Win64; x64) AppleWebKit/537.36 (KHTML, like Gecko) Chrome/86.0.4240.198 Safari/49F387" "transasiacorp.com"
73.179.81.66 - - [27/Dec/2022:22:00:27 -0800] "GET /admin.php HTTP/1.1" 404 88 "http://transasiacorp.com/admin.php" "Mozilla/5.0 (Windows NT 10.0; Win64; x64) AppleWebKit/537.36 (KHTML, like Gecko) Chrome/86.0.4240.198 Safari/310E25" "transasiacorp.com"
183.107.4.119 - - [27/Dec/2022:22:00:27 -0800] "GET /admin.php HTTP/1.1" 404 88 "http://transasiacorp.com/admin.php" "Mozilla/5.0 (Windows NT 10.0; Win64; x64) AppleWebKit/537.36 (KHTML, like Gecko) Chrome/86.0.4240.198 Safari/5603F9" "transasiacorp.com"
160.86.195.124 - - [27/Dec/2022:22:00:27 -0800] "GET /admin.php HTTP/1.1" 404 88 "http://transasiacorp.com/admin.php" "Mozilla/5.0 (Windows NT 10.0; Win64; x64) AppleWebKit/537.36 (KHTML, like Gecko) Chrome/86.0.4240.198 Safari/CCC804" "transasiacorp.com"
219.100.37.238 - - [27/Dec/2022:22:00:27 -0800] "GET /admin.php HTTP/1.1" 404 88 "http://transasiacorp.com/admin.php" "Mozilla/5.0 (Windows NT 10.0; Win64; x64) AppleWebKit/537.36 (KHTML, like Gecko) Chrome/86.0.4240.198 Safari/B7BF7D" "transasiacorp.com"
218.145.184.150 - - [27/Dec/2022:22:00:28 -0800] "GET /admin.php HTTP/1.1" 404 88 "http://transasiacorp.com/admin.php" "Mozilla/5.0 (Windows NT 10.0; Win64; x64) AppleWebKit/537.36 (KHTML, like Gecko) Chrome/86.0.4240.198 Safari/31F739" "transasiacorp.com"
89.106.137.134 - - [27/Dec/2022:22:00:28 -0800] "GET /admin.php HTTP/1.1" 404 88 "http://transasiacorp.com/admin.php" "Mozilla/5.0 (Windows NT 10.0; Win64; x64) AppleWebKit/537.36 (KHTML, like Gecko) Chrome/86.0.4240.198 Safari/537.36" "transasiacorp.com"
185.18.133.118 - - [27/Dec/2022:22:00:28 -0800] "GET /admin.php HTTP/1.1" 404 88 "http://transasiacorp.com/admin.php" "Mozilla/5.0 (Windows NT 10.0; Win64; x64) AppleWebKit/537.36 (KHTML, like Gecko) Chrome/86.0.4240.198 Safari/537.36" "transasiacorp.com"
45.176.184.133 - - [27/Dec/2022:22:00:28 -0800] "GET /admin.php HTTP/1.1" 404 88 "http://transasiacorp.com/admin.php" "Mozilla/5.0 (Windows NT 10.0; Win64; x64) AppleWebKit/537.36 (KHTML, like Gecko) Chrome/86.0.4240.198 Safari/537.36" "transasiacorp.com"
177.234.199.130 - - [27/Dec/2022:22:00:32 -0800] "GET /admin.php HTTP/1.1" 404 88 "http://transasiacorp.com/admin.php" "Mozilla/5.0 (Windows NT 10.0; Win64; x64) AppleWebKit/537.36 (KHTML, like Gecko) Chrome/86.0.4240.198 Safari/537.36" "transasiacorp.com"
153.218.142.40 - - [27/Dec/2022:22:00:33 -0800] "GET /Backoffice/ HTTP/1.1" 404 88 "http://transasiacorp.com/Backoffice/" "Mozilla/5.0 (Windows NT 10.0; Win64; x64) AppleWebKit/537.36 (KHTML, like Gecko) Chrome/86.0.4240.198 Safari/8B17E6" "transasiacorp.com"
218.235.247.147 - - [27/Dec/2022:22:00:33 -0800] "GET /Backoffice/ HTTP/1.1" 404 88 "http://transasiacorp.com/Backoffice/" "Mozilla/5.0 (Windows NT 10.0; Win64; x64) AppleWebKit/537.36 (KHTML, like Gecko) Chrome/86.0.4240.198 Safari/1A4053" "transasiacorp.com"
219.100.37.233 - - [27/Dec/2022:22:00:33 -0800] "GET /Backoffice/ HTTP/1.1" 404 88 "http://transasiacorp.com/Backoffice/" "Mozilla/5.0 (Windows NT 10.0; Win64; x64) AppleWebKit/537.36 (KHTML, like Gecko) Chrome/86.0.4240.198 Safari/F7DF54" "transasiacorp.com"
220.93.226.23 - - [27/Dec/2022:22:00:33 -0800] "GET /Backoffice/ HTTP/1.1" 404 88 "http://transasiacorp.com/Backoffice/" "Mozilla/5.0 (Windows NT 10.0; Win64; x64) AppleWebKit/537.36 (KHTML, like Gecko) Chrome/86.0.4240.198 Safari/B4E8F9" "transasiacorp.com"
121.147.89.178 - - [27/Dec/2022:22:00:33 -0800] "GET /Backoffice/ HTTP/1.1" 404 88 "http://transasiacorp.com/Backoffice/" "Mozilla/5.0 (Windows NT 10.0; Win64; x64) AppleWebKit/537.36 (KHTML, like Gecko) Chrome/86.0.4240.198 Safari/FAA637" "transasiacorp.com"
160.86.195.124 - - [27/Dec/2022:22:00:33 -0800] "GET /Backoffice/ HTTP/1.1" 404 88 "http://transasiacorp.com/Backoffice/" "Mozilla/5.0 (Windows NT 10.0; Win64; x64) AppleWebKit/537.36 (KHTML, like Gecko) Chrome/86.0.4240.198 Safari/CCC804" "transasiacorp.com"
110.135.184.8 - - [27/Dec/2022:22:00:33 -0800] "GET /admin.php HTTP/1.1" 404 88 "http://transasiacorp.com/admin.php" "Mozilla/5.0 (Windows NT 10.0; Win64; x64) AppleWebKit/537.36 (KHTML, like Gecko) Chrome/86.0.4240.198 Safari/49F387" "transasiacorp.com"
73.179.81.66 - - [27/Dec/2022:22:00:33 -0800] "GET /Backoffice/ HTTP/1.1" 404 88 "http://transasiacorp.com/Backoffice/" "Mozilla/5.0 (Windows NT 10.0; Win64; x64) AppleWebKit/537.36 (KHTML, like Gecko) Chrome/86.0.4240.198 Safari/310E25" "transasiacorp.com"
218.150.138.22 - - [27/Dec/2022:22:00:33 -0800] "GET /Backoffice/ HTTP/1.1" 404 88 "http://transasiacorp.com/Backoffice/" "Mozilla/5.0 (Windows NT 10.0; Win64; x64) AppleWebKit/537.36 (KHTML, like Gecko) Chrome/86.0.4240.198 Safari/0116AF" "transasiacorp.com"
89.106.137.134 - - [27/Dec/2022:22:00:33 -0800] "GET /Backoffice/ HTTP/1.1" 404 88 "http://transasiacorp.com/Backoffice/" "Mozilla/5.0 (Windows NT 10.0; Win64; x64) AppleWebKit/537.36 (KHTML, like Gecko) Chrome/86.0.4240.198 Safari/537.36" "transasiacorp.com"
185.43.18.137 - - [27/Dec/2022:22:00:33 -0800] "GET /Backoffice/ HTTP/1.1" 404 88 "http://transasiacorp.com/Backoffice/" "Mozilla/5.0 (Windows NT 10.0; Win64; x64) AppleWebKit/537.36 (KHTML, like Gecko) Chrome/86.0.4240.198 Safari/537.36" "transasiacorp.com"
185.18.133.118 - - [27/Dec/2022:22:00:33 -0800] "GET /Backoffice/ HTTP/1.1" 404 88 "http://transasiacorp.com/Backoffice/" "Mozilla/5.0 (Windows NT 10.0; Win64; x64) AppleWebKit/537.36 (KHTML, like Gecko) Chrome/86.0.4240.198 Safari/537.36" "transasiacorp.com"
45.176.184.133 - - [27/Dec/2022:22:00:34 -0800] "GET /Backoffice/ HTTP/1.1" 404 88 "http://transasiacorp.com/Backoffice/" "Mozilla/5.0 (Windows NT 10.0; Win64; x64) AppleWebKit/537.36 (KHTML, like Gecko) Chrome/86.0.4240.198 Safari/537.36" "transasiacorp.com"
219.100.37.238 - - [27/Dec/2022:22:00:34 -0800] "GET /Backoffice/ HTTP/1.1" 404 88 "http://transasiacorp.com/Backoffice/" "Mozilla/5.0 (Windows NT 10.0; Win64; x64) AppleWebKit/537.36 (KHTML, like Gecko) Chrome/86.0.4240.198 Safari/B7BF7D" "transasiacorp.com"
219.100.37.238 - - [27/Dec/2022:22:00:38 -0800] "GET /administrator/ HTTP/1.1" 404 88 "http://transasiacorp.com/administrator/" "Mozilla/5.0 (Windows NT 10.0; Win64; x64) AppleWebKit/537.36 (KHTML, like Gecko) Chrome/86.0.4240.198 Safari/B7BF7D" "transasiacorp.com"
89.106.137.134 - - [27/Dec/2022:22:00:38 -0800] "GET /administrator/ HTTP/1.1" 404 88 "http://transasiacorp.com/administrator/" "Mozilla/5.0 (Windows NT 10.0; Win64; x64) AppleWebKit/537.36 (KHTML, like Gecko) Chrome/86.0.4240.198 Safari/537.36" "transasiacorp.com"
185.18.133.118 - - [27/Dec/2022:22:00:38 -0800] "GET /administrator/ HTTP/1.1" 404 88 "http://transasiacorp.com/administrator/" "Mozilla/5.0 (Windows NT 10.0; Win64; x64) AppleWebKit/537.36 (KHTML, like Gecko) Chrome/86.0.4240.198 Safari/537.36" "transasiacorp.com"
185.43.18.137 - - [27/Dec/2022:22:00:38 -0800] "GET /administrator/ HTTP/1.1" 404 88 "http://transasiacorp.com/administrator/" "Mozilla/5.0 (Windows NT 10.0; Win64; x64) AppleWebKit/537.36 (KHTML, like Gecko) Chrome/86.0.4240.198 Safari/537.36" "transasiacorp.com"
218.235.247.147 - - [27/Dec/2022:22:00:38 -0800] "GET /administrator/ HTTP/1.1" 404 88 "http://transasiacorp.com/administrator/" "Mozilla/5.0 (Windows NT 10.0; Win64; x64) AppleWebKit/537.36 (KHTML, like Gecko) Chrome/86.0.4240.198 Safari/1A4053" "transasiacorp.com"
121.147.89.178 - - [27/Dec/2022:22:00:38 -0800] "GET /administrator/ HTTP/1.1" 404 88 "http://transasiacorp.com/administrator/" "Mozilla/5.0 (Windows NT 10.0; Win64; x64) AppleWebKit/537.36 (KHTML, like Gecko) Chrome/86.0.4240.198 Safari/FAA637" "transasiacorp.com"
218.150.138.22 - - [27/Dec/2022:22:00:38 -0800] "GET /administrator/ HTTP/1.1" 404 88 "http://transasiacorp.com/administrator/" "Mozilla/5.0 (Windows NT 10.0; Win64; x64) AppleWebKit/537.36 (KHTML, like Gecko) Chrome/86.0.4240.198 Safari/0116AF" "transasiacorp.com"
160.86.195.124 - - [27/Dec/2022:22:00:38 -0800] "GET /administrator/ HTTP/1.1" 404 88 "http://transasiacorp.com/administrator/" "Mozilla/5.0 (Windows NT 10.0; Win64; x64) AppleWebKit/537.36 (KHTML, like Gecko) Chrome/86.0.4240.198 Safari/CCC804" "transasiacorp.com"
110.135.184.8 - - [27/Dec/2022:22:00:38 -0800] "GET /Backoffice/ HTTP/1.1" 404 88 "http://transasiacorp.com/Backoffice/" "Mozilla/5.0 (Windows NT 10.0; Win64; x64) AppleWebKit/537.36 (KHTML, like Gecko) Chrome/86.0.4240.198 Safari/49F387" "transasiacorp.com"
73.179.81.66 - - [27/Dec/2022:22:00:38 -0800] "GET /administrator/ HTTP/1.1" 404 88 "http://transasiacorp.com/administrator/" "Mozilla/5.0 (Windows NT 10.0; Win64; x64) AppleWebKit/537.36 (KHTML, like Gecko) Chrome/86.0.4240.198 Safari/310E25" "transasiacorp.com"
219.100.37.233 - - [27/Dec/2022:22:00:38 -0800] "GET /administrator/ HTTP/1.1" 404 88 "http://transasiacorp.com/administrator/" "Mozilla/5.0 (Windows NT 10.0; Win64; x64) AppleWebKit/537.36 (KHTML, like Gecko) Chrome/86.0.4240.198 Safari/F7DF54" "transasiacorp.com"
177.234.199.130 - - [27/Dec/2022:22:00:38 -0800] "GET /Backoffice/ HTTP/1.1" 404 88 "http://transasiacorp.com/Backoffice/" "Mozilla/5.0 (Windows NT 10.0; Win64; x64) AppleWebKit/537.36 (KHTML, like Gecko) Chrome/86.0.4240.198 Safari/537.36" "transasiacorp.com"
45.176.184.133 - - [27/Dec/2022:22:00:39 -0800] "GET /administrator/ HTTP/1.1" 404 88 "http://transasiacorp.com/administrator/" "Mozilla/5.0 (Windows NT 10.0; Win64; x64) AppleWebKit/537.36 (KHTML, like Gecko) Chrome/86.0.4240.198 Safari/537.36" "transasiacorp.com"
110.135.184.8 - - [27/Dec/2022:22:00:43 -0800] "GET /administrator/ HTTP/1.1" 404 88 "http://transasiacorp.com/administrator/" "Mozilla/5.0 (Windows NT 10.0; Win64; x64) AppleWebKit/537.36 (KHTML, like Gecko) Chrome/86.0.4240.198 Safari/49F387" "transasiacorp.com"
205.169.39.63 - - [27/Dec/2022:22:00:44 -0800] "GET /Backoffice HTTP/1.1" 404 88 "-" "Mozilla/5.0 (Windows NT 10.0) AppleWebKit/537.36 (KHTML, like Gecko) Chrome/106.0.0.0 Safari/537.36" "transasiacorp.com"
185.156.233.130 - - [27/Dec/2022:22:00:48 -0800] "GET /Backoffice/ HTTP/1.1" 404 88 "http://transasiacorp.com/Backoffice/" "Mozilla/5.0 (Windows NT 10.0; Win64; x64) AppleWebKit/537.36 (KHTML, like Gecko) Chrome/86.0.4240.198 Safari/537.36" "transasiacorp.com"
182.155.79.136 - - [27/Dec/2022:22:00:48 -0800] "GET /wp-login.php HTTP/1.1" 404 88 "http://transasiacorp.com/wp-login.php" "Mozilla/5.0 (Windows NT 10.0; Win64; x64) AppleWebKit/537.36 (KHTML, like Gecko) Chrome/86.0.4240.198 Safari/537.36" "transasiacorp.com"
185.156.233.130 - - [27/Dec/2022:22:00:54 -0800] "GET /administrator/ HTTP/1.1" 404 88 "http://transasiacorp.com/administrator/" "Mozilla/5.0 (Windows NT 10.0; Win64; x64) AppleWebKit/537.36 (KHTML, like Gecko) Chrome/86.0.4240.198 Safari/537.36" "transasiacorp.com"
177.234.199.130 - - [27/Dec/2022:22:00:54 -0800] "GET /administrator/ HTTP/1.1" 404 88 "http://transasiacorp.com/administrator/" "Mozilla/5.0 (Windows NT 10.0; Win64; x64) AppleWebKit/537.36 (KHTML, like Gecko) Chrome/86.0.4240.198 Safari/537.36" "transasiacorp.com"
210.16.91.45 - - [27/Dec/2022:22:00:56 -0800] "GET /admin/ HTTP/1.1" 404 88 "http://transasiacorp.com/admin/" "Mozilla/5.0 (Windows NT 10.0; Win64; x64) AppleWebKit/537.36 (KHTML, like Gecko) Chrome/86.0.4240.198 Safari/537.36" "transasiacorp.com"
114.203.213.19 - - [27/Dec/2022:22:00:58 -0800] "GET /admin/ HTTP/1.1" 404 88 "http://transasiacorp.com/admin/" "Mozilla/5.0 (Windows NT 10.0; Win64; x64) AppleWebKit/537.36 (KHTML, like Gecko) Chrome/86.0.4240.198 Safari/24641C" "transasiacorp.com"
36.231.180.11 - - [27/Dec/2022:22:00:59 -0800] "GET /downloader/ HTTP/1.1" 404 88 "http://transasiacorp.com/downloader/" "Mozilla/5.0 (Windows NT 10.0; Win64; x64) AppleWebKit/537.36 (KHTML, like Gecko) Chrome/86.0.4240.198 Safari/537.36" "transasiacorp.com"
66.42.190.22 - - [27/Dec/2022:22:00:59 -0800] "GET /admin/ HTTP/1.1" 404 88 "http://transasiacorp.com/admin/" "Mozilla/5.0 (Windows NT 10.0; Win64; x64) AppleWebKit/537.36 (KHTML, like Gecko) Chrome/86.0.4240.198 Safari/8BAF48" "transasiacorp.com"
210.16.91.45 - - [27/Dec/2022:22:01:01 -0800] "GET /downloader/ HTTP/1.1" 404 88 "http://transasiacorp.com/downloader/" "Mozilla/5.0 (Windows NT 10.0; Win64; x64) AppleWebKit/537.36 (KHTML, like Gecko) Chrome/86.0.4240.198 Safari/537.36" "transasiacorp.com"
177.130.169.224 - - [27/Dec/2022:22:01:01 -0800] "GET /downloader/ HTTP/1.1" 404 88 "http://transasiacorp.com/downloader/" "Mozilla/5.0 (Windows NT 10.0; Win64; x64) AppleWebKit/537.36 (KHTML, like Gecko) Chrome/86.0.4240.198 Safari/537.36" "transasiacorp.com"
66.42.190.22 - - [27/Dec/2022:22:01:04 -0800] "GET /downloader/ HTTP/1.1" 404 88 "http://transasiacorp.com/downloader/" "Mozilla/5.0 (Windows NT 10.0; Win64; x64) AppleWebKit/537.36 (KHTML, like Gecko) Chrome/86.0.4240.198 Safari/8BAF48" "transasiacorp.com"
211.184.167.109 - - [27/Dec/2022:22:01:04 -0800] "GET /admin.php HTTP/1.1" 404 88 "http://transasiacorp.com/admin.php" "Mozilla/5.0 (Windows NT 10.0; Win64; x64) AppleWebKit/537.36 (KHTML, like Gecko) Chrome/86.0.4240.198 Safari/3136F1" "transasiacorp.com"
114.203.213.19 - - [27/Dec/2022:22:01:04 -0800] "GET /downloader/ HTTP/1.1" 404 88 "http://transasiacorp.com/downloader/" "Mozilla/5.0 (Windows NT 10.0; Win64; x64) AppleWebKit/537.36 (KHTML, like Gecko) Chrome/86.0.4240.198 Safari/24641C" "transasiacorp.com"
36.231.180.11 - - [27/Dec/2022:22:01:04 -0800] "GET /admin.php HTTP/1.1" 404 88 "http://transasiacorp.com/admin.php" "Mozilla/5.0 (Windows NT 10.0; Win64; x64) AppleWebKit/537.36 (KHTML, like Gecko) Chrome/86.0.4240.198 Safari/537.36" "transasiacorp.com"
177.130.169.224 - - [27/Dec/2022:22:01:06 -0800] "GET /admin.php HTTP/1.1" 404 88 "http://transasiacorp.com/admin.php" "Mozilla/5.0 (Windows NT 10.0; Win64; x64) AppleWebKit/537.36 (KHTML, like Gecko) Chrome/86.0.4240.198 Safari/537.36" "transasiacorp.com"
210.16.91.45 - - [27/Dec/2022:22:01:06 -0800] "GET /admin.php HTTP/1.1" 404 88 "http://transasiacorp.com/admin.php" "Mozilla/5.0 (Windows NT 10.0; Win64; x64) AppleWebKit/537.36 (KHTML, like Gecko) Chrome/86.0.4240.198 Safari/537.36" "transasiacorp.com"
66.42.190.22 - - [27/Dec/2022:22:01:09 -0800] "GET /admin.php HTTP/1.1" 404 88 "http://transasiacorp.com/admin.php" "Mozilla/5.0 (Windows NT 10.0; Win64; x64) AppleWebKit/537.36 (KHTML, like Gecko) Chrome/86.0.4240.198 Safari/8BAF48" "transasiacorp.com"
36.231.180.11 - - [27/Dec/2022:22:01:09 -0800] "GET /Backoffice/ HTTP/1.1" 404 88 "http://transasiacorp.com/Backoffice/" "Mozilla/5.0 (Windows NT 10.0; Win64; x64) AppleWebKit/537.36 (KHTML, like Gecko) Chrome/86.0.4240.198 Safari/537.36" "transasiacorp.com"
211.184.167.109 - - [27/Dec/2022:22:01:10 -0800] "GET /Backoffice/ HTTP/1.1" 404 88 "http://transasiacorp.com/Backoffice/" "Mozilla/5.0 (Windows NT 10.0; Win64; x64) AppleWebKit/537.36 (KHTML, like Gecko) Chrome/86.0.4240.198 Safari/3136F1" "transasiacorp.com"
114.203.213.19 - - [27/Dec/2022:22:01:10 -0800] "GET /admin.php HTTP/1.1" 404 88 "http://transasiacorp.com/admin.php" "Mozilla/5.0 (Windows NT 10.0; Win64; x64) AppleWebKit/537.36 (KHTML, like Gecko) Chrome/86.0.4240.198 Safari/24641C" "transasiacorp.com"
124.169.126.118 - - [27/Dec/2022:22:01:10 -0800] "GET /Backoffice/ HTTP/1.1" 404 88 "http://transasiacorp.com/Backoffice/" "Mozilla/5.0 (Windows NT 10.0; Win64; x64) AppleWebKit/537.36 (KHTML, like Gecko) Chrome/86.0.4240.198 Safari/C655E2" "transasiacorp.com"
177.130.169.224 - - [27/Dec/2022:22:01:11 -0800] "GET /Backoffice/ HTTP/1.1" 404 88 "http://transasiacorp.com/Backoffice/" "Mozilla/5.0 (Windows NT 10.0; Win64; x64) AppleWebKit/537.36 (KHTML, like Gecko) Chrome/86.0.4240.198 Safari/537.36" "transasiacorp.com"
210.16.91.45 - - [27/Dec/2022:22:01:12 -0800] "GET /Backoffice/ HTTP/1.1" 404 88 "http://transasiacorp.com/Backoffice/" "Mozilla/5.0 (Windows NT 10.0; Win64; x64) AppleWebKit/537.36 (KHTML, like Gecko) Chrome/86.0.4240.198 Safari/537.36" "transasiacorp.com"
220.93.226.23 - - [27/Dec/2022:22:01:15 -0800] "GET /administrator/ HTTP/1.1" 404 88 "http://transasiacorp.com/administrator/" "Mozilla/5.0 (Windows NT 10.0; Win64; x64) AppleWebKit/537.36 (KHTML, like Gecko) Chrome/86.0.4240.198 Safari/B4E8F9" "transasiacorp.com"
66.42.190.22 - - [27/Dec/2022:22:01:15 -0800] "GET /Backoffice/ HTTP/1.1" 404 88 "http://transasiacorp.com/Backoffice/" "Mozilla/5.0 (Windows NT 10.0; Win64; x64) AppleWebKit/537.36 (KHTML, like Gecko) Chrome/86.0.4240.198 Safari/8BAF48" "transasiacorp.com"
36.231.180.11 - - [27/Dec/2022:22:01:15 -0800] "GET /administrator/ HTTP/1.1" 404 88 "http://transasiacorp.com/administrator/" "Mozilla/5.0 (Windows NT 10.0; Win64; x64) AppleWebKit/537.36 (KHTML, like Gecko) Chrome/86.0.4240.198 Safari/537.36" "transasiacorp.com"
114.203.213.19 - - [27/Dec/2022:22:01:15 -0800] "GET /Backoffice/ HTTP/1.1" 404 88 "http://transasiacorp.com/Backoffice/" "Mozilla/5.0 (Windows NT 10.0; Win64; x64) AppleWebKit/537.36 (KHTML, like Gecko) Chrome/86.0.4240.198 Safari/24641C" "transasiacorp.com"
211.184.167.109 - - [27/Dec/2022:22:01:15 -0800] "GET /administrator/ HTTP/1.1" 404 88 "http://transasiacorp.com/administrator/" "Mozilla/5.0 (Windows NT 10.0; Win64; x64) AppleWebKit/537.36 (KHTML, like Gecko) Chrome/86.0.4240.198 Safari/3136F1" "transasiacorp.com"
223.16.184.190 - - [27/Dec/2022:22:01:15 -0800] "GET /administrator/ HTTP/1.1" 404 88 "http://transasiacorp.com/administrator/" "Mozilla/5.0 (Windows NT 10.0; Win64; x64) AppleWebKit/537.36 (KHTML, like Gecko) Chrome/86.0.4240.198 Safari/537.36" "transasiacorp.com"
124.169.126.118 - - [27/Dec/2022:22:01:15 -0800] "GET /administrator/ HTTP/1.1" 404 88 "http://transasiacorp.com/administrator/" "Mozilla/5.0 (Windows NT 10.0; Win64; x64) AppleWebKit/537.36 (KHTML, like Gecko) Chrome/86.0.4240.198 Safari/C655E2" "transasiacorp.com"
177.130.169.224 - - [27/Dec/2022:22:01:17 -0800] "GET /administrator/ HTTP/1.1" 404 88 "http://transasiacorp.com/administrator/" "Mozilla/5.0 (Windows NT 10.0; Win64; x64) AppleWebKit/537.36 (KHTML, like Gecko) Chrome/86.0.4240.198 Safari/537.36" "transasiacorp.com"
210.16.91.45 - - [27/Dec/2022:22:01:20 -0800] "GET /administrator/ HTTP/1.1" 404 88 "http://transasiacorp.com/administrator/" "Mozilla/5.0 (Windows NT 10.0; Win64; x64) AppleWebKit/537.36 (KHTML, like Gecko) Chrome/86.0.4240.198 Safari/537.36" "transasiacorp.com"
66.42.190.22 - - [27/Dec/2022:22:01:20 -0800] "GET /administrator/ HTTP/1.1" 404 88 "http://transasiacorp.com/administrator/" "Mozilla/5.0 (Windows NT 10.0; Win64; x64) AppleWebKit/537.36 (KHTML, like Gecko) Chrome/86.0.4240.198 Safari/8BAF48" "transasiacorp.com"
223.16.184.190 - - [27/Dec/2022:22:01:20 -0800] "GET /administrator/ HTTP/1.1" 404 88 "http://transasiacorp.com/administrator/" "Mozilla/5.0 (Windows NT 10.0; Win64; x64) AppleWebKit/537.36 (KHTML, like Gecko) Chrome/86.0.4240.198 Safari/537.36" "transasiacorp.com"
114.203.213.19 - - [27/Dec/2022:22:01:21 -0800] "GET /administrator/ HTTP/1.1" 404 88 "http://transasiacorp.com/administrator/" "Mozilla/5.0 (Windows NT 10.0; Win64; x64) AppleWebKit/537.36 (KHTML, like Gecko) Chrome/86.0.4240.198 Safari/24641C" "transasiacorp.com"
221.164.8.193 - - [27/Dec/2022:22:01:31 -0800] "GET /wp-login.php HTTP/1.1" 404 88 "http://transasiacorp.com/wp-login.php" "Mozilla/5.0 (Windows NT 10.0; Win64; x64) AppleWebKit/537.36 (KHTML, like Gecko) Chrome/86.0.4240.198 Safari/B48711" "transasiacorp.com"
221.164.8.193 - - [27/Dec/2022:22:01:36 -0800] "GET /admin/ HTTP/1.1" 404 88 "http://transasiacorp.com/admin/" "Mozilla/5.0 (Windows NT 10.0; Win64; x64) AppleWebKit/537.36 (KHTML, like Gecko) Chrome/86.0.4240.198 Safari/B48711" "transasiacorp.com"
221.164.8.193 - - [27/Dec/2022:22:01:41 -0800] "GET /downloader/ HTTP/1.1" 404 88 "http://transasiacorp.com/downloader/" "Mozilla/5.0 (Windows NT 10.0; Win64; x64) AppleWebKit/537.36 (KHTML, like Gecko) Chrome/86.0.4240.198 Safari/B48711" "transasiacorp.com"
221.164.8.193 - - [27/Dec/2022:22:01:47 -0800] "GET /admin.php HTTP/1.1" 404 88 "http://transasiacorp.com/admin.php" "Mozilla/5.0 (Windows NT 10.0; Win64; x64) AppleWebKit/537.36 (KHTML, like Gecko) Chrome/86.0.4240.198 Safari/B48711" "transasiacorp.com"
221.164.8.193 - - [27/Dec/2022:22:01:52 -0800] "GET /Backoffice/ HTTP/1.1" 404 88 "http://transasiacorp.com/Backoffice/" "Mozilla/5.0 (Windows NT 10.0; Win64; x64) AppleWebKit/537.36 (KHTML, like Gecko) Chrome/86.0.4240.198 Safari/B48711" "transasiacorp.com"
221.164.8.193 - - [27/Dec/2022:22:01:57 -0800] "GET /administrator/ HTTP/1.1" 404 88 "http://transasiacorp.com/administrator/" "Mozilla/5.0 (Windows NT 10.0; Win64; x64) AppleWebKit/537.36 (KHTML, like Gecko) Chrome/86.0.4240.198 Safari/B48711" "transasiacorp.com"
125.1.133.240 - - [27/Dec/2022:22:02:26 -0800] "GET /admin/ HTTP/1.1" 404 88 "http://transasiacorp.com/admin/" "Mozilla/5.0 (Windows NT 10.0; Win64; x64) AppleWebKit/537.36 (KHTML, like Gecko) Chrome/86.0.4240.198 Safari/CAB414" "transasiacorp.com"
42.125.178.192 - - [27/Dec/2022:22:02:31 -0800] "GET /admin.php HTTP/1.1" 404 88 "http://transasiacorp.com/admin.php" "Mozilla/5.0 (Windows NT 10.0; Win64; x64) AppleWebKit/537.36 (KHTML, like Gecko) Chrome/86.0.4240.198 Safari/6E6D0F" "transasiacorp.com"
125.1.133.240 - - [27/Dec/2022:22:02:32 -0800] "GET /downloader/ HTTP/1.1" 404 88 "http://transasiacorp.com/downloader/" "Mozilla/5.0 (Windows NT 10.0; Win64; x64) AppleWebKit/537.36 (KHTML, like Gecko) Chrome/86.0.4240.198 Safari/CAB414" "transasiacorp.com"
42.125.178.192 - - [27/Dec/2022:22:02:38 -0800] "GET /Backoffice/ HTTP/1.1" 404 88 "http://transasiacorp.com/Backoffice/" "Mozilla/5.0 (Windows NT 10.0; Win64; x64) AppleWebKit/537.36 (KHTML, like Gecko) Chrome/86.0.4240.198 Safari/6E6D0F" "transasiacorp.com"
61.26.102.103 - - [27/Dec/2022:22:03:18 -0800] "GET /admin.php HTTP/1.1" 404 88 "http://transasiacorp.com/admin.php" "Mozilla/5.0 (Windows NT 10.0; Win64; x64) AppleWebKit/537.36 (KHTML, like Gecko) Chrome/86.0.4240.198 Safari/47C984" "transasiacorp.com"
170.250.166.108 - - [27/Dec/2022:22:03:22 -0800] "GET /administrator/ HTTP/1.1" 404 88 "http://transasiacorp.com/administrator/" "Mozilla/5.0 (Windows NT 10.0; Win64; x64) AppleWebKit/537.36 (KHTML, like Gecko) Chrome/86.0.4240.198 Safari/537.36" "transasiacorp.com"
170.250.166.108 - - [27/Dec/2022:22:03:28 -0800] "GET /administrator/ HTTP/1.1" 404 88 "http://transasiacorp.com/administrator/" "Mozilla/5.0 (Windows NT 10.0; Win64; x64) AppleWebKit/537.36 (KHTML, like Gecko) Chrome/86.0.4240.198 Safari/537.36" "transasiacorp.com"
60.134.230.176 - - [27/Dec/2022:22:03:33 -0800] "GET /administrator/ HTTP/1.1" 404 88 "http://transasiacorp.com/administrator/" "Mozilla/5.0 (Windows NT 10.0; Win64; x64) AppleWebKit/537.36 (KHTML, like Gecko) Chrome/86.0.4240.198 Safari/D1AE9E" "transasiacorp.com"
118.36.233.110 - - [27/Dec/2022:22:04:04 -0800] "GET /Backoffice/ HTTP/1.1" 404 88 "http://transasiacorp.com/Backoffice/" "Mozilla/5.0 (Windows NT 10.0; Win64; x64) AppleWebKit/537.36 (KHTML, like Gecko) Chrome/86.0.4240.198 Safari/FC39D9" "transasiacorp.com"
118.36.233.110 - - [27/Dec/2022:22:04:10 -0800] "GET /administrator/ HTTP/1.1" 404 88 "http://transasiacorp.com/administrator/" "Mozilla/5.0 (Windows NT 10.0; Win64; x64) AppleWebKit/537.36 (KHTML, like Gecko) Chrome/86.0.4240.198 Safari/FC39D9" "transasiacorp.com"
54.36.148.247 - - [27/Dec/2022:22:07:28 -0800] "GET /robots.txt HTTP/1.1" 404 88 "-" "Mozilla/5.0 (compatible; AhrefsBot/7.0; +http://ahrefs.com/robot/)" "transasiacorp.com"
51.222.253.16 - - [27/Dec/2022:22:07:33 -0800] "GET /?C=D;O=A HTTP/1.1" 200 270 "-" "Mozilla/5.0 (compatible; AhrefsBot/7.0; +http://ahrefs.com/robot/)" "transasiacorp.com"
51.222.253.20 - - [28/Dec/2022:00:07:34 -0800] "GET /?C=D;O=D HTTP/1.1" 200 268 "-" "Mozilla/5.0 (compatible; AhrefsBot/7.0; +http://ahrefs.com/robot/)" "transasiacorp.com"
65.21.62.149 - - [28/Dec/2022:04:53:31 -0800] "GET / HTTP/1.1" 200 270 "-" "Mozilla/5.0 (Windows NT 6.1; WOW64; rv:54.0) Gecko/20100101 Firefox/73.0" "transasiacorp.com"
45.128.24.123 - - [28/Dec/2022:05:46:37 -0800] "GET /wp-json/wp/v2/posts HTTP/1.1" 404 73 "transasiacorp.com/wp-json/wp/v2/posts" "Mozilla/5.0 (X11; U; Linux i686; de; rv:1.8.1.5) Gecko/20060911 SUSE/2.0.0.5-1.2 Firefox/2.0.0.5" "transasiacorp.com"
104.143.244.101 - - [28/Dec/2022:05:46:38 -0800] "GET /wp-json/wp/v2/posts HTTP/1.1" 404 73 "transasiacorp.com/wp-json/wp/v2/posts" "Mozilla/5.0 (Windows NT 6.1; WOW64) AppleWebKit/537.36 (KHTML, like Gecko) Chrome/45.0.2454.101 YaBrowser/15.10.2454.3865 Safari/537.36" "transasiacorp.com"
192.198.126.90 - - [28/Dec/2022:05:46:39 -0800] "GET /wp-json/wp/v2/posts HTTP/1.1" 404 73 "transasiacorp.com/wp-json/wp/v2/posts" "Mozilla/5.0 (Windows NT 5.1) AppleWebKit/537.11 (KHTML, like Gecko) Chrome/23.0.1300.0 Iron/23.0.1300.0 Safari/537.11" "transasiacorp.com"
54.245.218.168 - - [28/Dec/2022:07:14:39 -0800] "GET / HTTP/1.1" 200 270 "-" "Mozilla/5.0 (X11; Linux x86_64) AppleWebKit/537.36 (KHTML, like Gecko) Chrome/83.0.4103.97 Safari/537.36" "transasiacorp.com"
54.201.105.249 - - [28/Dec/2022:07:15:05 -0800] "GET /favicon.ico HTTP/1.1" 404 88 "-" "Mozilla/5.0 (X11; Linux x86_64) AppleWebKit/537.36 (KHTML, like Gecko) Chrome/83.0.4103.97 Safari/537.36" "transasiacorp.com"
54.201.105.249 - - [28/Dec/2022:07:15:09 -0800] "GET / HTTP/1.1" 200 270 "-" "Mozilla/5.0 (X11; Linux x86_64) AppleWebKit/537.36 (KHTML, like Gecko) Chrome/83.0.4103.97 Safari/537.36" "transasiacorp.com"
54.212.105.10 - - [28/Dec/2022:07:17:24 -0800] "GET / HTTP/1.1" 200 270 "-" "Mozilla/5.0 (X11; Linux x86_64) AppleWebKit/537.36 (KHTML, like Gecko) Chrome/83.0.4103.97 Safari/537.36" "transasiacorp.com"
34.216.91.167 - - [28/Dec/2022:07:20:38 -0800] "GET /favicon.ico HTTP/1.1" 404 88 "-" "Mozilla/5.0 (X11; Linux x86_64) AppleWebKit/537.36 (KHTML, like Gecko) Chrome/83.0.4103.97 Safari/537.36" "transasiacorp.com"
34.216.91.167 - - [28/Dec/2022:07:20:38 -0800] "GET / HTTP/1.1" 200 270 "-" "Mozilla/5.0 (X11; Linux x86_64) AppleWebKit/537.36 (KHTML, like Gecko) Chrome/83.0.4103.97 Safari/537.36" "transasiacorp.com"
111.216.226.24 - - [28/Dec/2022:11:58:41 -0800] "GET /wp-login.php HTTP/1.1" 404 88 "http://transasiacorp.com/wp-login.php" "Mozilla/5.0 (Windows NT 10.0; Win64; x64) AppleWebKit/537.36 (KHTML, like Gecko) Chrome/86.0.4240.198 Safari/99D27E" "transasiacorp.com"
223.18.27.86 - - [28/Dec/2022:11:58:55 -0800] "GET /administrator/ HTTP/1.1" 404 88 "http://transasiacorp.com/administrator/" "Mozilla/5.0 (Windows NT 10.0; Win64; x64) AppleWebKit/537.36 (KHTML, like Gecko) Chrome/86.0.4240.198 Safari/537.36" "transasiacorp.com"
66.23.225.248 - - [28/Dec/2022:12:18:19 -0800] "POST / HTTP/1.1" 404 88 "-" "Mozilla/5.0 (X11; Linux x86_64) AppleWebKit/537.36 (KHTML, like Gecko) Chrome/81.0.4044.129 Safari/537.36" "transasiacorp.com"
47.96.140.76 - - [28/Dec/2022:13:48:28 -0800] "GET / HTTP/1.1" 200 270 "-" "Mozilla/5.0 (iPhone; CPU iPhone OS 10_3_1 like Mac OS X) AppleWebKit/603.1.30 (KHTML, like Gecko) Version/10.0 Mobile/14E304 Safari/602.1" "www.transasiacorp.com"
141.98.6.71 - - [28/Dec/2022:15:47:06 -0800] "HEAD / HTTP/1.1" 200 - "-" "python-requests/2.25.1" "transasiacorp.com"
141.98.6.71 - - [28/Dec/2022:15:47:06 -0800] "GET / HTTP/1.1" 200 270 "-" "Mozilla/5.0 (Macintosh; Intel Mac OS X 10_10_1) AppleWebKit/537.36 (KHTML, like Gecko) Chrome/39.0.2171.95 Safari/537.36" "transasiacorp.com"
